on factor of 72 and 396.
36
Calculate the highest common divisor of 177 and 87.
3
Calculate the greatest common divisor of 2183 and 236.
59
Calculate the highest common factor of 30 and 30.
30
What is the greatest common factor of 212 and 4?
4
What is the highest common factor of 156 and 637?
13
Calculate the highest common divisor of 234 and 126.
18
Calculate the greatest common divisor of 658 and 14.
14
What is the greatest common divisor of 40 and 520?
40
Calculate the highest common factor of 4 and 107.
1
Calculate the greatest common divisor of 107 and 2568.
107
Calculate the greatest common divisor of 318 and 795.
159
What is the highest common divisor of 253 and 24541?
253
What is the highest common divisor of 6169 and 31?
31
What is the highest common divisor of 25 and 65?
5
What is the highest common factor of 19791 and 54?
27
Calculate the highest common divisor of 45 and 15.
15
What is the greatest common factor of 97 and 9797?
97
Calculate the greatest common divisor of 102 and 1122.
102
Calculate the highest common divisor of 8 and 108.
4
What is the highest common divisor of 29 and 783?
29
Calculate the highest common divisor of 2 and 19.
1
Calculate the greatest common factor of 222 and 74.
74
Calculate the highest common divisor of 658 and 94.
94
Calculate the highest common factor of 264 and 216.
24
Calculate the greatest common divisor of 7866 and 1710.
342
Calculate the greatest common factor of 52 and 56.
4
What is the highest common factor of 2 and 4?
2
Calculate the greatest common divisor of 53 and 1537.
53
Calculate the greatest common factor of 180 and 2.
2
What is the highest common factor of 297 and 693?
99
Calculate the greatest common factor of 99 and 2277.
99
Calculate the greatest common factor of 50 and 225.
25
Calculate the highest common divisor of 8 and 712.
8
Calculate the highest common divisor of 90 and 3798.
18
Calculate the greatest common divisor of 1771 and 2415.
161
Calculate the highest common factor of 5 and 155.
5
What is the highest common divisor of 25 and 11?
1
Calculate the greatest common divisor of 3736 and 8.
8
Calculate the greatest common factor of 416 and 1274.
26
Calculate the greatest common divisor of 2 and 934.
2
Calculate the greatest common factor of 2781 and 54.
27
Calculate the greatest common divisor of 28 and 8.
4
What is the greatest common factor of 121 and 99?
11
What is the highest common divisor of 63 and 99?
9
What is the greatest common divisor of 6 and 7?
1
What is the greatest common divisor of 114 and 1494?
6
What is the greatest common factor of 3 and 485?
1
What is the highest common factor of 429 and 91?
13
What is the greatest common divisor of 66 and 1683?
33
What is the highest common factor of 38 and 171?
19
Calculate the highest common factor of 20 and 128.
4
Calculate the greatest common divisor of 282 and 3478.
94
Calculate the highest common factor of 30 and 40.
10
What is the greatest common divisor of 4181 and 37?
37
What is the greatest common factor of 771 and 3?
3
Calculate the greatest common factor of 1128 and 48.
24
What is the highest common factor of 28 and 3878?
14
What is the highest common factor of 243 and 3?
3
Calculate the highest common factor of 44 and 2596.
44
What is the greatest common factor of 3172 and 78?
26
What is the greatest common divisor of 62 and 6541?
31
What is the greatest common factor of 432 and 54?
54
What is the greatest common divisor of 30 and 770?
10
Calculate the highest common divisor of 759 and 726.
33
Calculate the highest common factor of 1176 and 8.
8
What is the highest common factor of 1596 and 1302?
42
What is the greatest common factor of 128 and 4?
4
Calculate the greatest common divisor of 55 and 1760.
55
What is the greatest common factor of 1209 and 39?
39
What is the greatest common divisor of 315 and 1449?
63
Calculate the highest common factor of 171 and 9.
9
Calculate the greatest common divisor of 32 and 152.
8
Calculate the greatest common factor of 87 and 116.
29
What is the greatest common divisor of 209 and 44?
11
What is the highest common divisor of 220 and 820?
20
What is the greatest common factor of 18711 and 616?
77
What is the highest common factor of 9 and 423?
9
What is the highest common divisor of 296 and 111?
37
Calculate the greatest common divisor of 620 and 160.
20
What is the greatest common factor of 1570 and 10?
10
Calculate the highest common divisor of 4 and 124.
4
Calculate the highest common divisor of 124 and 12.
4
What is the highest common factor of 78 and 39?
39
What is the greatest common factor of 98 and 574?
14
Calculate the highest common divisor of 12 and 30.
6
What is the highest common divisor of 34 and 1003?
17
Calculate the greatest common divisor of 336 and 441.
21
Calculate the greatest common factor of 65 and 20.
5
What is the highest common divisor of 106 and 34026?
106
Calculate the highest common factor of 250 and 10.
10
What is the greatest common factor of 159 and 265?
53
What is the highest common divisor of 663 and 714?
51
What is the highest common divisor of 14265 and 1268?
317
Calculate the highest common divisor of 112 and 16.
16
Calculate the greatest common factor of 42 and 1134.
42
What is the greatest common factor of 21 and 168?
21
Calculate the highest common factor of 45 and 9.
9
Calculate the greatest common divisor of 33 and 21.
3
What is the greatest common divisor of 60 and 24?
12
What is the highest common divisor of 165 and 15?
15
What is the highest common factor of 3575 and 143?
143
Calculate the highest common divisor of 44 and 506.
22
What is the greatest common factor of 88 and 40?
8
What is the highest common divisor of 1076 and 4?
4
What is the greatest common factor of 6 and 9027?
3
What is the greatest common divisor of 39 and 2769?
39
What is the highest common factor of 93 and 31?
31
What is the highest common divisor of 1620 and 4212?
324
Calculate the greatest common divisor of 28 and 77.
7
What is the greatest common factor of 30 and 200?
10
What is the greatest common divisor of 25 and 125?
25
What is the highest common divisor of 1990 and 30?
10
Calculate the highest common divisor of 72 and 17496.
72
Calculate the greatest common divisor of 65 and 5265.
65
What is the highest common divisor of 4841 and 927?
103
What is the greatest common divisor of 25 and 6025?
25
What is the greatest common divisor of 1311 and 759?
69
Calculate the highest common factor of 9 and 90.
9
Calculate the greatest common factor of 69 and 92.
23
What is the highest common factor of 1504 and 94?
94
Calculate the highest common divisor of 128 and 48.
16
What is the greatest common factor of 648 and 5616?
216
What is the greatest common factor of 21 and 21?
21
Calculate the greatest common divisor of 185 and 74.
37
Calculate the greatest common factor of 40 and 640.
40
What is the highest common divisor of 96 and 2256?
48
Calculate the greatest common factor of 999 and 2553.
111
What is the greatest common factor of 6566 and 98?
98
Calculate the greatest common factor of 1355 and 10.
5
Calculate the greatest common divisor of 520 and 10.
10
Calculate the greatest common divisor of 95 and 57.
19
What is the highest common factor of 7 and 2?
1
What is the greatest common divisor of 2718 and 18?
18
Calculate the greatest common factor of 12 and 12.
12
Calculate the highest common divisor of 33 and 77.
11
Calculate the greatest common factor of 9950 and 150.
50
Calculate the greatest common divisor of 732 and 17812.
244
What is the greatest common divisor of 432 and 80?
16
Calculate the highest common divisor of 267 and 712.
89
What is the highest common factor of 13 and 1469?
13
What is the greatest common divisor of 2028 and 12?
12
What is the greatest common factor of 14 and 203?
7
What is the highest common factor of 1902 and 12?
6
What is the highest common factor of 3068 and 354?
118
Calculate the greatest common divisor of 5988 and 24.
12
Calculate the highest common divisor of 88 and 556.
4
Calculate the highest common factor of 625 and 2125.
125
What is the greatest common factor of 3419 and 169?
13
What is the greatest common divisor of 693 and 11?
11
What is the greatest common divisor of 40 and 36?
4
Calculate the greatest common 